 + 62 + -61
1
What is -5 - (-15 - (-1 + -5))?
4
Evaluate 1 + (-5 - (1 - 4) - -1).
0
Evaluate 2 + -8 + 14 - 3.
5
What is (-4 - (-13 - -10)) + 2?
1
Evaluate -10 + 13 + 11 - 15.
-1
Evaluate 8 + 0 + -14 + 14.
8
-1 + -1 - (-5 - 0)
3
Calculate -234 - -233 - (0 + -1 + 1).
-1
What is -2 + -5 + 15 + -3?
5
2 + (2 + 0 + 0 - -1)
5
Evaluate -5 + 5 - (2 + -9).
7
(2 - (2 + 6)) + 1
-5
What is the value of 189 + -184 + (-16 - 0)?
-11
Evaluate -1 - 3 - -2 - (1 + -8).
5
-2 + (-5 - (-9 - -4)) + 1
-1
Evaluate (11 - (-10 + 13)) + (-3 - -5).
10
Calculate 5 + -1 + -1 + -7.
-4
Calculate 19 + -18 + 5 + 1.
7
-2 + 0 - (6 + -3)
-5
Evaluate -10 - (2 + -6 + -1).
-5
-2 - ((-5 - -7) + 2) - -3
-3
Evaluate 2 - ((8 - 4) + -3) - -2.
3
-5 + 1 + 5 + -3 + 3
1
Calculate -2 - (-2 + (1 - -4) + -2).
-3
What is the value of -1 + 6 - (11 - 6)?
0
Calculate -1 + (2 - 5) - -4.
0
Calculate 5 + 0 + -1 - 4.
0
Calculate (4 - -3) + -2 - 4.
1
Evaluate (-3 - 6 - 1) + 11.
1
39 + -36 + -3 + 1
1
(5 - 3) + -6 + 0
-4
Evaluate 12 + -2 + -4 + (1 - 4).
3
Evaluate (-2 - (-7 + 10)) + 0.
-5
Calculate (1 - -6) + -13 + 0 - -6.
0
7 + -3 + 1 + -3
2
What is 1 - (-4 + 4 + 0)?
1
-4 - 2 - -3 - -6
3
(-14 + 29 - 9) + (-14 - -1)
-7
3 - (4 + (-6 - 0))
5
Evaluate 0 - ((-4 - -3) + -2 + 2).
1
What is 1 - -2 - (2 - -8)?
-7
Calculate 1 + -3 - -6 - 0.
4
What is -3 - (0 + -3 + 7 + -7)?
0
What is -6 - -4 - (1 + -4)?
1
What is 1 + -1 + (14 + -14 - -10)?
10
-5 + 0 - (-62 + 54)
3
What is (-2 - -9) + -8 + (0 - 5)?
-6
Evaluate 7 + (-5 - (-5 + 6)).
1
What is the value of -2 - (2 - 3) - -2?
1
1 - (-7 + 16 + (-3 - 0))
-5
What is -2 - (0 - (-1 + 3))?
0
Evaluate 0 - (4 + -16 + 8).
4
What is 9 + -9 + (6 - -3) - 4?
5
What is 1 - (-3 + 0 + -4 + 5)?
3
What is the value of -9 - (-3 + -3) - (-4 - 1)?
2
What is 4 - 1 - (4 - 2)?
1
Evaluate -5 + (-6 - 0) + 15 - 2.
2
Calculate (3 - (17 + -10)) + -1.
-5
Calculate -1 - 2 - -7 - 6.
-2
What is -11 + 15 + -1 + -4?
-1
Evaluate 4 + 2 - (1 + (5 - 2)).
2
What is 0 + (2 - 3) + 1 - -6?
6
What is the value of -5 + (-4 - (-5 - -1))?
-5
What is 1 + -7 - (-160 + 150)?
4
(15 + -3 - 6) + -8
-2
Evaluate -1 + -5 + 9 + -5.
-2
What is the value of (2 - (14 + -10)) + -4?
-6
Evaluate (2 - 5) + (2 - 3).
-4
Calculate -4 - (-1 + (2 - 1)).
-4
What is 5 + -2 - (3 - -2) - 2?
-4
Evaluate -6 - (2 + -3) - (-1 - 1).
-3
(-5 - -5) + -5 + 8
3
Calculate 9 + 5 + -7 + -10.
-3
What is 3 - 0 - 0 - (5 - -3)?
-5
Calculate 1 + -1 + (-3 + -13 - -9).
-7
What is the value of 2 - ((-10 - -2) + 9)?
1
11 - 8 - (7 + (2 - 1))
-5
Evaluate 1 - (-1 - 7 - (1 + -5)).
5
Calculate (5 - (1 - 5)) + -2 + -1.
6
Calculate 43 + -41 + -2 + 2 + -3.
-1
What is -1 - 0 - (-14 + 17)?
-4
Calculate -6 + 13 + 0 + (-2 - -1).
6
10 + -12 + -3 + -3
-8
Evaluate -3 - (-4 + 2) - 5.
-6
What is the value of 2 - 0 - (-10 - (-10 + -2))?
0
What is the value of -19 + 1 + 14 - (4 + 0)?
-8
Calculate (0 + -2 - -5) + -5.
-2
Calculate 15 + -15 - (-5 + 5).
0
Calculate -4 + 11 + -12 + 5.
0
What is (0 + 0 - 6) + -3 + 6?
-3
Calculate (1 + -2 - 6) + 4 + 1.
-2
Calculate -7 + 10 + -3 + 3 + -6.
-3
(-4 - (-3 + 4)) + 2
-3
What is the value of 4 + 3 + (1 - 10)?
-2
Evaluate -4 - (-4 - (-5 + 0 + 1)).
-4
What is the value of -4 + -3 - -6 - -6?
5
What is 3 - (6 + -4 + 5)?
-4
Calculate 2 - (4 + (2 - 6)).
2
What is the value of -1 - (-3 + 0 - (-1 - -1))?
2
What is 2 + -8 + 2 - (-18 - -11)?
3
Evaluate -7 + (8 + -16 - -12).
-3
-1 + (-2 - -4) + -1
0
What is -7 + -1 + 160 + -152?
0
Calculate (3 - 1) + (8 + -4 - 4).
2
What is 5 - ((9 - 11) + 8)?
-1
Evaluate (-7 - (-15 - -7)) + 1.
2
-1 + 0 - (-12 - -10)
1
Calculate -7 + 7 - -4 - 3 - 8.
-7
Calculate -2 - 0 - (29 - 27).
-4
Evaluate -2 + -2 + 2 + 5.
3
What is (5 - 12) + -2 + 6 + 1?
-2
Calculate 0 + 2 + (6 - 12).
-4
-4 - (0 - -2) - -6
0
What is the value of (0 - -2 - 3) + -3 + 4?
0
What is -13 - -29 - 10 - 13?
-7
Calculate -9 + 5 + -2 + 1 + 0.
-5
What is the value of 9 + -5 - 7 - (1 - -2)?
-6
What is 0 - (5 + -5 + -3)?
3
Evaluate 5 + -5 - 1 - 5.
-6
(1 - 1) + 2 - (210 - 207)
-1
Calculate 10 - 11 - (-2 + 5) - -4.
0
What is (-1 - -3) + (-25 - -26)?
3
Calculate 2 - (0 + 7 + -9).
4
Calculate 2 + (-1 - 3) + -1 + -2.
-5
What is (3 - 8) + (18 - 18)?
-5
Evaluate -6 + 2 + (4 - 5) - -4.
-1
What is 3 + (4 - 9 - -2) + 2?
2
What is 7 + -1 + -1 + (-5 - 1)?
-1
What is -2 + -1 + 6 + (27 - 34)?
-4
Evaluate -9 - -8 - (-2 + -2).
3
What is the value of -1 + 0 + 18 + -12?
5
Evaluate 0 + 3 - (-17 + (6 - -13)).
1
What is the value of -3 + (0 - (4 + -7))?
0
What is 2 + (-3 - -1) + 3 - 2?
1
Evaluate 2 + 5 - (4 - 0 - 0).
3
Calculate 6 + (-2 - (2 + -1)).
3
What is -3 - (2 - (0 - -3))?
-2
Calculate 2 - 0 - (56 + -59).
5
Evaluate -195 + 191 + -1 + (12 - -1).
8
What is the value of (-4 - -1) + 3 + -4 + 0?
-4
What is the value of (-13 - 0 - -13) + -1 + -3?
-4
What is the value of (-1 - -2) + 0 + -2?
-1
Evaluate -3 + (-6 - (6 + -1) - -3).
-11
Calculate -2 + 0 + -3 + -20 + 19.
-6
(-9 + 6 - -10) + -15
-8
What is the value of -8 - -6 - (3 + -1)?
-4
0 + -1 + (-3 - -5)
1
What is -3 - -2 - (0 - (0 - -5))?
4
Evaluate 5 - (11 - (10 + -4)) - -3.
3
What is the value of (-5 - 2) + 5 + (-7 - -7)?
-2
-7 + -1 + 8 + -2
-2
What is the value of -2 + 4 + 0 + 1?
3
What is -1 + 1 - (16 - 20)?
4
What is the value of (3 - (2 + -3)) + 4 + -6?
2
Evaluate (-2 - (-3 + 1) - -1) + 0.
1
What is the value of -7 + 6 - (-4 + 3)?
0
Calculate -3 - (-2 + -1 - (-9 + 10)).
1
Calculate -3 - -6 - 4 - (0 + 1).
-2
Evaluate 7 + (-4 + 2 + 5 - 6).
4
What is the value of (-2 - -1) + (14 - 13) + -4?
-4
What is the value of (3 + -5 + 4 - 2) + 6?
6
What is (1 - -1) + -3 + -13 + 10?
-4
What is the value of 11 + -6 - (-13 + 19)?
-1
-10 + (10 - (-1 + 3 + 3))
-5
What is the value of -28 - -37 - (6 + 2 - -1)?
0
Evaluate 4 - (-9 + -3) - (-1 + 7).
10
4 + 6 + -4 - 8
-2
Calculate -1 + (1 - (2 + -7)).
5
-3 + 1 - (-3 + 10 - 5)
-4
What is (0 + -2 - -4 - 7) + 8?
3
Evaluate -1 + -2 + (1 - -1 - 1).
-2
8 - 8 - (1 + -1)
0
What is 5 + 0 - (10 + -9)?
4
Calculate -1 - (-1 + (2 - 4)).
2
What is -2 + 4 + -4 + 3?
1
Calculate -1 - (10 + -4 + 3 + -4).
-6
-7 + (7 - 5) + 12
7
What is (-1 - -1) + (9 - 2 - 2)?
5
0 - -5 - (1 - -5)
-1
What is the value of 3 - ((-3 - -15) + -12)?
3
Calculate (6 - 1) + -3 - -2.
4
-3 - (0 + 6 + -9)
0
0 - (-4 + 9 - 5)
0
What is (-13 - -13) + -3 - -8?
5
(0 - -1 - (3 + -3)) + 0
1
What is (6 - (12 - 5)) + (-5 - 0)?
-6
Calculate (-2 - 5 - (1 - 2)) + 4.
-2
Evaluate 6 - -1 - (-24 - -33).
-2
What is -3 - -1 - (9 + -8)?
-3
What is 5 - (11 + (-3 - 6))?
3
What is the value of 2 - (-8 - (-1 - (-5 + 8)))?
6
What is the value of (10 - 2) + (-15 - -5)?
-2
-7 - -5 - -10 - 7
1
What is -3 + 5 + (-7 - -4) + 7?
6
What is the value of 11 + (4 + -5 - 6)?
4
Evaluate -8 + (11 - 4) + 2.
1
What is 7 + (0 + -7 - (-24 - -25))?
-1
What is the value of (-1 - -6) + -2 + -15 + 8?
-4
What is the value of -3 + -2 + 9 + 2 + -4?
2
What is the value of 3 + (6 + -9 - -5)?
5
Evaluate (-3 - (-8 + 6)) + 6 + 2.
7
Calculate 0 - -1 - (-1 + 4 + -1).
-1
8 - (-7 - -17) - -3
1
What is (0 - (10 - 2)) + (13 - 10)?
-5
Evaluate -1 + 0 - ((-10 - 5) + 23).
-9
What is (-1 - 1) + 0 + (-5 - -2)?
-5
What is 3 + 1 + -10 + (3 - 1)?
-4
Evaluate 0 + 1 + 1 + -3 + -1.
-2
What is (1 + 3 - 0) + (4 - 7)?
1
Calculate -2 - 0 - (1 - 2).
-1
Calculate 7 - 1 - (6 - -2).
-2
(0 - 3) + (-1 - (-5 + 3))
-2
Evaluate -7 + -4 + 8 + 6.
3
What is -10 - (-6 + -3 + -2)?
1
Calculate -2 + -15 + 7 + 14.
4
What is the value of (2 + 0 - (8 - 9)) + -5?
-2
Calculate (-13 - -12) + 2 + 0 - -4.
5
What is 1 + (1 - 1) - -6 - 8?
-1
Calculate -8 + (-11 + 4 - -4) - -4.
-7
What is the value of -5 - (-4 - (5 - 7))?
-3
What is the value of (-2 + 1 - -4) + -5 + 5?
3
1 + -1 + 0 + -17 + 12
-5
What is -7 - -15 - (3 + -2)?
7
What is the value of (0 - (-1 + -4)) + -5 + -5?
-5
-3 + 19 + -3 + 2 - 7
8
What is the value of -2 + (6 + 0 - 0) - 10?
-6
What is 4 + -4 + 7 - 5?
2
Evaluate (-4 - -2) + 1 + -5 + 3.
-3
Calculate (-1 - -1) + 1 + -5.
-4
Evaluate -6 + 4 + -1 + (-2 - -8).
3
(-78 - -73) + (3 - 1) + 8
5
Calculate (-2 + 9 - 14) + 7.
0
(3 + 2 - 1) + -2 - -2
4
What is 2 + (-2 - 4 - 2) + 2?
-4
(4 - (-3 - -6)) + -6
-5
What is the value of (-14 - -7 - -8) + -2 + 1?
0
Evaluate -2 + (7 - 6) + 1 - 6.
-6
3 + -10 - 4 - -11
0
What is -1 + 5 - (8 + -5 + -2)?
3
Evaluate (-7 - (-10 + -9)) + -5.
7
Evaluate 16 - 15 - (0 + -6).
7
Evaluate -1 + 3 + -5 + 2.
-1
Evaluate